{"id":129,"date":"2020-02-14T10:59:11","date_gmt":"2020-02-14T10:59:11","guid":{"rendered":"https:\/\/demosites.io\/fitness-gb\/?page_id=129"},"modified":"2025-11-04T12:39:41","modified_gmt":"2025-11-04T11:39:41","slug":"a5213-home","status":"publish","type":"page","link":"https:\/\/nyskifte.dk\/","title":{"rendered":"Forside"},"content":{"rendered":"\n<p><\/p>\n\n\n\n<div class=\"wp-block-cover alignfull has-parallax is-light\" style=\"min-height:450px;aspect-ratio:unset;\"><div class=\"wp-block-cover__image-background wp-image-604 has-parallax\" style=\"background-position:50% 50%;background-image:url(https:\/\/nyskifte.dk\/wp-content\/uploads\/2021\/11\/nyskifte_nat_2-1.png)\"><\/div><span aria-hidden=\"true\" class=\"wp-block-cover__background has-background-dim-10 has-background-dim\"><\/span><div class=\"wp-block-cover__inner-container is-layout-flow wp-block-cover-is-layout-flow\">\n<p class=\"has-text-align-center has-nv-site-bg-color has-text-color has-link-color wp-elements-e7b5f902f25615b093ce76a7f497355e\" style=\"font-size:40px\">  Velkommen til Grundejerforeningen Nyskifte<\/p>\n\n\n\n<div class=\"wp-block-columns is-layout-flex wp-container-core-columns-is-layout-9d6595d7 wp-block-columns-is-layout-flex\">\n<div class=\"wp-block-column is-layout-flow wp-block-column-is-layout-flow\"><\/div>\n\n\n\n<div class=\"wp-block-column is-layout-flow wp-block-column-is-layout-flow\" style=\"flex-basis:50%\">\n<p><\/p>\n\n\n\n<p class=\"has-nv-site-bg-color has-text-color has-link-color wp-elements-9259dfd7aadecd892b3b01e5b102c745\" style=\"font-size:18px\">P\u00e5 denne hjemmeside kan du finde informationer om vores forening. Her iblandt dokumenter fra vores \u00e5rlige generalforsamlings m\u00f8der. Vores m\u00e5l er at samle alt hvad vi finder relevant s\u00e5 vores medlemmer l\u00f8bende kan holde sig orienteret om foreningen og hvad der ellers sker i kommunen generelt. <\/p>\n<\/div>\n\n\n\n<div class=\"wp-block-column is-layout-flow wp-block-column-is-layout-flow\"><\/div>\n<\/div>\n\n\n\n<div class=\"wp-block-buttons is-horizontal is-content-justification-center is-layout-flex wp-container-core-buttons-is-layout-499968f5 wp-block-buttons-is-layout-flex\">\n<div class=\"wp-block-button is-style-primary\"><a class=\"wp-block-button__link wp-element-button\" href=\"https:\/\/nyskifte.dk\/index.php\/om_nyskifte\/\">L\u00e6s mere<\/a><\/div>\n<\/div>\n\n\n\n<p class=\"has-text-align-center\"><\/p>\n<\/div><\/div>\n\n\n\n<p><\/p>\n\n\n\n<h2 class=\"wp-block-heading alignwide\">Nyheds arkiv:<\/h2>\n\n\n<ul class=\"wp-block-latest-posts__list is-grid columns-3 has-dates alignwide wp-block-latest-posts\"><li><a class=\"wp-block-latest-posts__post-title\" href=\"https:\/\/nyskifte.dk\/index.php\/2025\/11\/04\/hjertestarter-kursus\/\">Genoplivnings- og hjertestarterkursus<\/a><time datetime=\"2025-11-04T12:25:25+01:00\" class=\"wp-block-latest-posts__post-date\">4. november 2025<\/time><div class=\"wp-block-latest-posts__post-excerpt\">K\u00e6re beboere Det er med stor gl\u00e6de, at vi kan meddele, at vores ans\u00f8gning til Trygfonden er blevet accepteret, og at vi i samarbejde med Grundejerforeningen Nyg\u00e5rds, endelig f\u00e5r en hjertestarter til omr\u00e5det. Det er et vigtigt tiltag, som styrker trygheden i vores lokalomr\u00e5de.I den forbindelse afholder Trygfonden et genoplivnings- og hjertestarterkursus, hvor man l\u00e6rer&hellip;&nbsp;<a href=\"https:\/\/nyskifte.dk\/index.php\/2025\/11\/04\/hjertestarter-kursus\/\" rel=\"bookmark\">L\u00e6s mere &raquo;<span class=\"screen-reader-text\">Genoplivnings- og hjertestarterkursus<\/span><\/a><\/div><\/li>\n<li><a class=\"wp-block-latest-posts__post-title\" href=\"https:\/\/nyskifte.dk\/index.php\/2025\/03\/12\/information-om-forslag-til-hjertestarter\/\">Information om forslag til hjertestarter<\/a><time datetime=\"2025-03-12T16:35:30+01:00\" class=\"wp-block-latest-posts__post-date\">12. marts 2025<\/time><div class=\"wp-block-latest-posts__post-excerpt\">K\u00e6re beboereVi har den 1. marts 2025 ans\u00f8gt TrygFonden om donation af en hjertestarter til omr\u00e5det. En hjertestarter kan v\u00e6re forskellen p\u00e5 liv og d\u00f8d i tilf\u00e6lde af hjertestop. Hurtig adgang til en hjertestarter \u00f8ger markant chancen for overlevelse og skaber samtidig \u00f8get tryghed i omr\u00e5det. Da mange ans\u00f8ger om TrygFondens donationer, er der usikkerhed&hellip;&nbsp;<a href=\"https:\/\/nyskifte.dk\/index.php\/2025\/03\/12\/information-om-forslag-til-hjertestarter\/\" rel=\"bookmark\">L\u00e6s mere &raquo;<span class=\"screen-reader-text\">Information om forslag til hjertestarter<\/span><\/a><\/div><\/li>\n<li><a class=\"wp-block-latest-posts__post-title\" href=\"https:\/\/nyskifte.dk\/index.php\/2025\/02\/19\/fastelavn-2025\/\">Fastelavn 2025<\/a><time datetime=\"2025-02-19T09:48:31+01:00\" class=\"wp-block-latest-posts__post-date\">19. februar 2025<\/time><div class=\"wp-block-latest-posts__post-excerpt\">Grundejerforeningen Nyskifte inviterer til fastelavn s\u00f8ndag den 2. marts 2025kl. 10.00 \u2013 12.00, i garagerne p\u00e5 Nyskiftevej nr. 17 og nr. 18. Se og hent invitationen i PDF format ved at klikke p\u00e5 nedenst\u00e5ende:<\/div><\/li>\n<\/ul>\n\n\n<div class=\"wp-block-buttons is-horizontal is-content-justification-center is-layout-flex wp-container-core-buttons-is-layout-499968f5 wp-block-buttons-is-layout-flex\">\n<div class=\"wp-block-button is-style-secondary\"><a class=\"wp-block-button__link wp-element-button\" href=\"https:\/\/nyskifte.dk\/index.php\/nyheder\/\">L\u00e6s flere nyheder her&#8230;<\/a><\/div>\n<\/div>\n\n\n\n<p><\/p>\n","protected":false},"excerpt":{"rendered":"<p>Nyheds arkiv:<\/p>\n","protected":false},"author":1,"featured_media":0,"parent":0,"menu_order":0,"comment_status":"closed","ping_status":"closed","template":"page-templates\/template-pagebuilder-full-width.php","meta":{"neve_meta_sidebar":"full-width","neve_meta_container":"","neve_meta_enable_content_width":"on","neve_meta_content_width":100,"neve_meta_title_alignment":"","neve_meta_author_avatar":"","neve_post_elements_order":"","neve_meta_disable_header":"","neve_meta_disable_footer":"","neve_meta_disable_title":"","_themeisle_gutenberg_block_has_review":false,"footnotes":""},"class_list":["post-129","page","type-page","status-publish","hentry"],"_links":{"self":[{"href":"https:\/\/nyskifte.dk\/index.php\/wp-json\/wp\/v2\/pages\/129","targetHints":{"allow":["GET"]}}],"collection":[{"href":"https:\/\/nyskifte.dk\/index.php\/wp-json\/wp\/v2\/pages"}],"about":[{"href":"https:\/\/nyskifte.dk\/index.php\/wp-json\/wp\/v2\/types\/page"}],"author":[{"embeddable":true,"href":"https:\/\/nyskifte.dk\/index.php\/wp-json\/wp\/v2\/users\/1"}],"replies":[{"embeddable":true,"href":"https:\/\/nyskifte.dk\/index.php\/wp-json\/wp\/v2\/comments?post=129"}],"version-history":[{"count":79,"href":"https:\/\/nyskifte.dk\/index.php\/wp-json\/wp\/v2\/pages\/129\/revisions"}],"predecessor-version":[{"id":882,"href":"https:\/\/nyskifte.dk\/index.php\/wp-json\/wp\/v2\/pages\/129\/revisions\/882"}],"wp:attachment":[{"href":"https:\/\/nyskifte.dk\/index.php\/wp-json\/wp\/v2\/media?parent=129"}],"curies":[{"name":"wp","href":"https:\/\/api.w.org\/{rel}","templated":true}]}}